er?
False
Suppose -2*h + 28 = 2*h - 4*y, -2*h - 4*y = -14. Let b(l) = 119*l + 6. Is b(h) composite?
False
Let v(o) = -o**3 + 21*o**2 + 6*o - 2. Suppose -2*h + 2*f = -h - 18, -5*f = 20. Let l be v(h). Let p = l + -755. Is p a composite number?
True
Suppose o + 1 = 5*r - 5, -r = o. Let y(u) be the second derivative of 131*u**5/10 + u**4/6 - u**3/6 + 4*u. Is y(r) a composite number?
False
Suppose -12124 - 592 = -4*r. Let a = -1836 + r. Is a prime?
False
Let p be 5 - (0/4 + 1). Suppose -4*f - p*i = 18 + 14, -5*i = -2*f + 19. Is ((-921)/f - 0)*1 composite?
False
Suppose o - 5*l - 15029 = 0, -3*l = 5*o - 7*l - 75229. Is o a prime number?
False
Suppose 30 = v - 5*n, -v = 3*n + 8 + 2. Suppose 2*z + 15 = 5*k, v*k - 15 = -3*z + 4*z. Suppose 0*h - 5*h + 995 = z. Is h prime?
True
Suppose -g - 40 = -408. Let h = 517 - g. Is h composite?
False
Let t be 1/(-2) - (-56)/16. Suppose t*w - 4357 = -1330. Suppose 5*a + 20 = 0, -178 - w = -3*f + 2*a. Is f composite?
True
Let x(v) = 2*v**2 + 7*v + 10. Let m be x(-2). Suppose 1405 = u + m*f, -393 = -u - f + 1015. Is u a composite number?
False
Let z(y) = 7*y**3 + 5*y**2 - 4*y - 97. Is z(17) a prime number?
True
Let k(x) = 16*x + 7. Let v(w) = -32*w - 15. Let d(a) = 10*k(a) + 4*v(a). Is d(3) composite?
True
Let w(p) = 8*p**2 - 24*p + 447. Is w(16) prime?
True
Let u = 1 - -2. Suppose 5*n + 2 = 17. Is 100 - u/(2 - n) composite?
False
Let l = -3813 - -6128. Let m = l - 1306. Is m a composite number?
False
Suppose 2*c = -11*f + 15*f - 31268, -3*f + c = -23451. Is f a composite number?
False
Let m be -25*1/1*-4. Let c = 363 - m. Let g = c - 72. Is g a prime number?
True
Let z(r) = 5144*r**2 - r - 1. Let n be z(-1). Let g = n + -2641. Is g a composite number?
False
Let n(s) = s**2 + s - 8. Let i be n(-3). Let v = i - -5. Let b(f) = 25*f**2 - 4*f - 2. Is b(v) a prime number?
True
Let u(o) = -8*o**3 - 17*o**2 + 67*o + 21. Is u(-22) a prime number?
True
Is (-1968920)/(-70) - (-2 - 34/(-14)) a prime number?
False
Let n = -1444 - -3221. Is n composite?
False
Is 3/((42/185836)/(2/4)) prime?
True
Let d(m) = -878*m**3 - 5*m**2 + m + 5. Is d(-3) a prime number?
True
Suppose 0 = 2*s + w - 31, -s + 3 + 7 = -5*w. Suppose s*i = -i + 13936. Is i prime?
False
Suppose 4*b - 52362 = 5*z, 4*z - z + 65459 = 5*b. Is b prime?
True
Let s = -9362 - -27999. Is s composite?
False
Let u(p) = -333*p - 29. Let j(v) = -2*v**2 + 6*v - 6. Let h be j(3). Is u(h) prime?
False
Let l = 4960 - 3039. Is l prime?
False
Suppose 0 = -16*n + 8*n + 125128. Is n prime?
True
Let p = -31 - -29. Is p*4/(-2) - -153 composite?
False
Let f(k) = -29*k**3 + 13*k**2 + 11*k + 20. Is f(-6) a prime number?
False
Is (38 + -35)/(1/2) - -6833 composite?
True
Suppose -3*p + 4*o = -48641, 0 = 2*p + 8*o - 7*o - 32409. Is p composite?
True
Let x(f) = f**3 + 5*f**2 + 4*f + 2. Let m be x(-4). Let y be 285/(-10) + 1/m. Is (469/y)/((-1)/4) a composite number?
False
Let m be (-341)/3 - (-1)/(-3). Suppose 3*t - 207 = 4*t. Let a = m - t. Is a a prime number?
False
Let b(y) = -566*y - 72*y + 1 + 1 - 5. Is b(-1) a composite number?
True
Let d = -11807 + 22864. Is d composite?
False
Suppose 4*k + 16617 = 3*q, 2*k + 11078 = 2*q + 7*k. Is q a prime number?
False
Let b(u) = 4*u + 55. Let n be b(-13). Let k(r) = 72*r + 2. Let j be k(2). Let p = j + n. Is p a prime number?
True
Suppose 55 = 3*y - h - 3*h, -4*h - 81 = -5*y. Let z(o) = -y - 3*o + 21*o - 4. Is z(8) a prime number?
True
Let k(z) = -63*z + 2. Let s(a) = -a**3 + 14*a**2 + 3. Let n be s(14). Let b(u) = -188*u + 7. Let g(w) = n*b(w) - 8*k(w). Is g(-8) prime?
False
Suppose -210882 + 54030 = -18*s. Is s a composite number?
True
Let w(m) = -m + 2. Let x(r) = -39*r - 13. Let g(j) = 6*w(j) + x(j). Let d be (-2)/7 + 52/(-14). Is g(d) composite?
False
Is ((-602)/(-42))/(3/333) composite?
True
Suppose 4*v - 1223 = 5781. Let c = v - 1250. Is c a composite number?
True
Let u(r) = -r**2 + 7*r - 8. Let k be u(7). Let p(l) = -l - 6. Let h be p(k). Is (-10)/(108/(-51) + h) a prime number?
False
Let l = -149 + 273. Suppose -2*r - 132 = l. Is (1 - r) + -11 + 9 a composite number?
False
Let h(w) = -w**3 - 23*w**2 + w + 11. Let r be h(-23). Let l(a) = 8*a**2 + a + 31. Is l(r) a composite number?
False
Let x be -3 + (4 + 1)*(5 + -4). Suppose -x*o + 604 + 898 = 0. Is o prime?
True
Suppose 2*h - 2738 = -0*h - 3*n, 0 = -3*h - 5*n + 4109. Is h composite?
True
Let s be 12/7 + (6 - (-280)/(-49)). Suppose 2*x + 2*x = 3*l - 1687, s*l + 2*x - 1134 = 0. Is l a composite number?
True
Let a(r) = -2*r - 1. Let z be a(1). Let j(s) be the second derivative of -s**5/4 + s**4/6 + s**3/2 - s**2/2 - 66*s. Is j(z) a composite number?
True
Let d = 1 + -1. Let n be 2 + d*(-4)/(-12). Suppose u + p = -n*u + 667, -4*u = -2*p - 896. Is u a prime number?
True
Is (-1)/(3/(-3441)) - 6 a composite number?
True
Let v(w) = 2*w**2 + 22*w - 24. Let y be v(-12). Suppose y = 5*d + 5*z - 6690, d - 4*z - 1334 = -z. Is d prime?
False
Suppose 798*n + 5672 = 802*n. Is n a composite number?
True
Let c(l) = l**3 - 4*l**2 + l + 3. Let d be c(2). Is 12/18 - 2665/d prime?
False
Suppose 5559 = -5*t + 2*w, -w + 1116 = -t - 2*w. Let z = t - -1762. Is z a prime number?
False
Let i = 440 + -950. Let s = i + 877. Is s prime?
True
Let q be 1/((-9)/(-6) - 1) + -3. Is ((279/(-27))/(1/51))/q prime?
False
Let q = -5 + -498. Let g = 1165 + q. Is g composite?
True
Let f = 54 + -32. Suppose 2*z - 5*z - 6 = -4*v, 5*z - f = -4*v. Suppose -2*t - h + 151 = -t, -v*t + 445 = 5*h. Is t a composite number?
True
Let l(p) = 568*p**2 + 5*p - 17. Is l(4) a prime number?
True
Let h(q) = q**2. Let w be h(2). Let l(x) = -w*x - 4 + 45*x + 4*x. Is l(3) composite?
False
Suppose 0 = 4*g - 2*g - d + 40, 2*g = 5*d - 56. Suppose 5*z = -49 - 11. Is z/g + (-2234)/(-6) prime?
True
Let q(k) = k**2 - 12*k + 14. Let v be q(12). Suppose 17*g - 711 = v*g. Is g prime?
False
Let r(q) be the third derivative of q**4/24 - q**3/3 - 10*q**2. Is r(9) a prime number?
True
Let h = 26 - 42. Is (1036/(-6))/(h/24) a composite number?
True
Let u be (-800)/(-6)*108/15. Let n be ((-2)/(-5))/((-2)/u). Is (-1 - n)/(-1 - -2) a prime number?
True
Is 16093 - (-15)/25*-10 a prime number?
True
Suppose -33*n + 144056 = -25*n. Is n composite?
True
Let v(p) = 94*p**3 - 4*p**2 - 2*p - 2. Let l(b) = 188*b**3 - 8*b**2 - 3*b - 3. Let o(r) = 3*l(r) - 5*v(r). Is o(2) a composite number?
False
Suppose 5*x - 9 = -0*j - 2*j, -4 = -4*x. Suppose 123 = j*k - 299. Is k a prime number?
True
Let n(b) = 5*b**2 + 6*b - 9. Let z(x) = -36*x**2 - 42*x + 63. Let q(y) = 15*n(y) + 2*z(y). Let r be q(4). Suppose -r = -5*j + 192. Is j a composite number?
True
Let i(s) = 751*s**3 - 3*s**2 - s + 2. Is i(3) a composite number?
False
Let h be ((-95)/(-57))/(1/18). Let t = 43 - h. Is t a composite number?
False
Let s(i) = i + 2. Let c be s(-6). Is (((-492)/(-9))/c)/((-1)/9) composite?
True
Suppose 0 = -5*d + 4*d - 8. Let q(w) = 12*w**3 + w**2 - 11*w + 4. Let o be q(d). Is o/(-52) + (-2)/13 a composite number?
True
Suppose 0*y + 2*y = 3*j - 3, j - 1 = 3*y. Suppose l - j = 4*p - 4, l + 2*p = 9. Suppose -26 = -h + 3*u, l*h - u - u = 117. Is h composite?
False
Suppose -5*z + 4*j + 10 = 0, -3*z + j + 6 = -j. Suppose -z*n + 155 = -731. Is n composite?
False
Let u(g) = -159*g - 167. Is u(-54) a prime number?
True
Let i = 1 - 5. Let q = 7 + i. Let k(m) = 18*m**2 - 3*m + 4. Is k(q) a prime number?
True
Let x be (1 - (-26)/(-6))/(4/6). Is (-6)/10 + (1898/x)/(-1) a composite number?
False
Is 582523/116 - (6/8 - 0) prime?
True
Is 2 - ((-3704)/32)/(3/276) a composite number?
False
Suppose -4*f + 2*f = 0. Suppose f = -6*l + 5*l + 546. Suppose d + l = u - 162, 0 = -5*u - 2*d + 3505. Is u prime?
False
Suppose 13*m - 14*m = -506. Let q = -237 + m. Is q a composite number?
False
Suppose 3*a = 2*d + 299, 2*a - 200 = 2*d - d. Let f = 234 - a. Let c = f - 64. Is c a composite number?
True
Let s = 771 + -412. Is s/2 - (-6)/(-12) prime?
True
Suppose 2*g + 2*o - 10 = -g, 0 = 4*o - 8. Suppose -3*j = -2*t - 222, -2*j - 3*j + g*t = -370. Is j composite?
True
Let j be ((-25)/(-10))/((-1)/(-2)). Suppose -3*y = y - 16. Suppose -o - y*k + 68 = 1, j*o = -5*k + 260. Is o a prime number?
True
Suppose 2 - 72 = 2*w. Let r = -1 + w. Let b = r + 107. Is b prime?
True
Let u(y) = -259*y**2 + 1. Let m(f) = 778*f**2 - 3. Let l(t) = 6*m(t